 in base 14?
a6744d
What is -4dad49 (base 16) in base 3?
-100120122000222
101111000102 (base 3) to base 11
131012
What is 101010100101101101100 (base 2) in base 4?
11110231230
What is 1044241131 (base 5) in base 13?
63a985
Convert 25a892a (base 13) to base 8.
55043652
23520152 (base 6) to base 10
741380
What is 86056 (base 11) in base 10?
125175
-102101202001101 (base 3) to base 4
-113012311102
-1063262 (base 7) to base 4
-200201222
Convert -8535 (base 9) to base 15.
-1cce
-198b61 (base 16) to base 6
-55514213
Convert -174151 (base 10) to base 2.
-101010100001000111
Convert -10001011111001000001 (base 2) to base 6.
-20140425
-5246523 (base 7) to base 12
-266933
What is 122113330121 (base 4) in base 8?
32277431
-10132311 (base 4) to base 14
-6993
Convert -1264c8 (base 13) to base 2.
-1101100000001000101
Convert 104132114 (base 5) to base 15.
90c59
What is -159045 (base 10) in base 12?
-78059
1a06c (base 14) to base 6
1225200
93831 (base 12) to base 16
2f1e5
20000021011 (base 3) to base 12
58557
What is 101010001111111011000 (base 2) in base 9?
2540041
Convert -10310223 (base 5) to base 4.
-111201330
-5311040 (base 6) to base 12
-105480
-5404352 (base 6) to base 12
-1096b8
Convert -88974b (base 12) to base 4.
-20102203223
What is 551421 (base 8) in base 15?
39ca5
What is -4731 (base 11) in base 7?
-24043
Convert 101030042 (base 6) to base 16.
1a668a
Convert 136ba9 (base 13) to base 6.
14041524
2002321000 (base 4) to base 6
15254024
Convert 11365 (base 13) to base 7.
160252
ab52 (base 16) to base 11
2aa51
What is 311364 (base 8) in base 14?
29844
What is 1030130023 (base 4) in base 2?
1001100011100001011
Convert 131aa8 (base 12) to base 8.
1145740
Convert 110111111000110001 (base 2) to base 12.
b0581
Convert -70d7 (base 15) to base 4.
-11310103
Convert -65c54 (base 13) to base 16.
-2d080
Convert -11022011221 (base 3) to base 5.
-10202242
Convert a0789 (base 12) to base 3.
101120222020
Convert -719267 (base 10) to base 3.
-1100112122112
Convert -100101111001101101101 (base 2) to base 3.
-2100002122201
Convert 131230111 (base 4) to base 7.
1014403
-337b1 (base 13) to base 14
-2617b
Convert -152377 (base 10) to base 6.
-3133241
Convert -386adb (base 14) to base 10.
-1939417
-1d2b7 (base 16) to base 12
-59187
Convert 2440104 (base 9) to base 12.
53b027
-1010011110110000011100 (base 2) to base 11
-16071a5
Convert 12222210102 (base 3) to base 6.
2310015
What is -2101230011 (base 4) in base 12?
-249405
What is -62604135 (base 7) in base 2?
-10100001000110001111101
Convert -1184437 (base 9) to base 4.
-2131301230
What is -1000010101111001100 (base 2) in base 5?
-32221411
What is -221022522 (base 6) in base 16?
-3c8fd2
-1130110 (base 7) to base 11
-97522
Convert 12122222000220 (base 3) to base 5.
1232321134
Convert -123122013 (base 4) to base 6.
-2223423
What is -1561135 (base 10) in base 2?
-101111101001000101111
Convert -1237a (base 14) to base 9.
-67155
-a3602f (base 16) to base 12
-3704213
What is 3104324 (base 6) in base 8?
442374
11023212203 (base 4) to base 13
3872c3
-73850 (base 12) to base 15
-2ed83
13130111 (base 5) to base 8
375757
-339e81 (base 15) to base 9
-4564434
Convert -1211317 (base 8) to base 6.
-11043155
Convert -21430025 (base 8) to base 16.
-463015
What is -103203123022 (base 4) in base 7?
-61366060
What is -1689426 (base 11) in base 15?
-3b995b
Convert -23200102303 (base 4) to base 13.
-817942
3c30a0 (base 14) to base 10
2082836
Convert -14bbf (base 16) to base 6.
-1453103
4735b0 (base 16) to base 6
244005320
Convert 7860813 (base 9) to base 3.
21222000220110
Convert 16310579 (base 10) to base 14.
2248135
What is -273b4 (base 15) in base 6?
-2410011
What is -1220112100 (base 3) in base 15?
-b1e6
-393002 (base 10) to base 6
-12231242
Convert 43475 (base 11) to base 12.
30643
Convert 320300121 (base 4) to base 3.
102210220010
What is 188661 (base 10) in base 16?
2e0f5
-20333131033 (base 4) to base 6
-122304211
Convert -423423100 (base 5) to base 8.
-6624077
What is -3042314340 (base 5) in base 14?
-b7a692
What is 20230233232 (base 4) in base 8?
10545756
Convert 1000000101000000111 (base 2) to base 3.
111110010010
-683510 (base 9) to base 10
-409383
What is 390065 (base 13) in base 14?
2798d5
1000101000010111111 (base 2) to base 12
1177bb
What is -1211510 (base 6) in base 10?
-63906
111101011001111110100 (base 2) to base 14
3a540c
9d445 (base 15) to base 16
7a2f1
Convert -1500404 (base 6) to base 5.
-10220214
What is -21250470 (base 9) in base 14?
-150ad1b
3872c8 (base 14) to base 10
1940576
-3700103 (base 8) to base 12
-40ba83
Convert 2110110112010 (base 3) to base 8.
4773057
What is -1000001011010111001 (base 2) in base 11?
-173361
What is -22881 (base 10) in base 12?
-112a9
-500341 (base 12) to base 11
-780132
What is 14141314 (base 5) in base 14?
3b535
What is 4411502 (base 6) in base 2?
110101100100011110
101101101101100010101 (base 2) to base 10
1497877
Convert -23323301210 (base 4) to base 12.
-106a518
4b63b (base 13) to base 2
100010000011010011
Convert 256886 (base 16) to base 9.
4545848
-4403402 (base 5) to base 13
-2847c
What is 1125211 (base 6) in base 16?
e347
What is -12070594 (base 10) in base 14?
-1862c94
What is -34350205 (base 6) in base 11?
-661699
-10010100111000 (base 2) to base 11
-7182
What is -10110000110000001010 (base 2) in base 5?
-141131403
Convert -220032021220 (base 4) to base 5.
-10144344340
-24347326 (base 8) to base 16
-51ced6
What is 3132203010 (base 4) in base 5?
213132211
What is -223441210 (base 5) in base 12?
-402543
23134053 (base 7) to base 8
7563755
10001011000111001 (base 2) to base 6
1305425
What is a7914 (base 12) in base 15?
4562d
What is 7714845 (base 10) in base 5?
3433333340
-43c34b (base 16) to base 5
-2114102112
Convert -47923 (base 15) to base 12.
-b0073
-a4393c (base 13) to base 10
-3835337
Convert 27766371 (base 8) to base 16.
5fecf9
27432a1 (base 11) to base 4
102003213031
What is 4980952 (base 10) in base 14?
939304
Convert -344421223 (base 5) to base 8.
-5750355
24b4c (base 16) to base 12
73010
Convert 2346357 (base 9) to base 13.
35664a
Convert -584410 (base 14) to base 16.
-2de6de
4104403334 (base 5) to base 12
2932a2a
Convert 244000124 (base 5) to base 4.
10122103001
Convert -2872a9 (base 11) to base 15.
-8d023
Convert -582722 (base 9) to base 15.
-6d988
Convert 72962 (base 10) to base 3.
10201002022
Convert 222021201323 (base 4) to base 7.
162626033
Convert 21a7b6 (base 13) to base 3.
1111100210001
What is 1022130100 (base 4) in base 3?
120111021001
-6114ca (base 15) to base 7
-54124066
What is -1741320 (base 10) in base 9?
-3243570
What is -2f789 (base 16) in base 7?
-1436612
-111100313131 (base 4) to base 9
-11435214
What is 1001110011101110111 (base 2) in base 6?
10515543
What is -20f7a1 (base 16) in base 15?
-2ca265
Convert -750816 (base 10) to base 2.
-10110111010011100000
Convert -399410 (base 11) to base 12.
-2630b0
Convert -15c644 (base 14) to base 11.
-482068
176274 (base 8) to base 16
fcbc
1a7146 (base 16) to base 14
331770
-5431c3 (base 14) to base 8
-12701067
Convert -224434 (base 5) to base 12.
-4847
Convert 7b163 (base 12) to base 9.
270433
Convert -157197 (base 10) to base 14.
-41405
What is 10110101010010011 (base 2) in base 15?
1c77e
What is -102012231 (base 5) in base 12?
-184828
What is 2333341312 (base 5) in base 4?
110133121001
What is -21313223202 (base 4) in base 3?
-11212110012020
-13041225 (base 8) to base 11
-1701316
Convert -20102212001221 (base 3) to base 16.
-34371a
What is -123c04 (base 16) in base 12?
-497684
What is -3423983 (base 10) in base 7?
-41050313
What is 424121223 (base 5) in base 7?
21115311
Convert -76bdc3 (base 15) to base 5.
-2422101413
Convert ab229 (base 15) to base 16.
84c78
What is -2e9ec (base 15) in base 3?
-21122210020
-11236304 (base 7) to base 13
-285ca1
What is -c50b4 (base 16) in base 3?
-1112000010022
550053 (base 6) to base 13
1787a
211bc (base 13) to base 11
408a1
54656 (base 15) to base 2
1000001011100011000
Convert 10312542 (base 6) to base 3.
120111122122
360322 (base 11) to base 5
121241021
Convert 254056 (base 7) to base 13.
1853b
Convert -4142621 (base 7) to base 16.
-79952
Convert -4685228 (base 12) to base 16.
-cfb300
What is -10657147 (base 10) in base 5?
-10212012042
-133100102 (base 4) to base 7
-10421